pose 11*d = 16*d + 15. Let i be ((-225)/63 + (-4)/(-7))*d. Suppose -3*l + i*l = 204. What is the tens digit of l?
3
Suppose -2*b = 2*b + 5*v - 33, b = 5*v - 23. Let q be -2*((-184)/80 - b/10). Suppose -3*k + 1000 = q*r - 0*r, -4*r + 800 = 5*k. What is the tens digit of r?
0
Let l = -723 - -771. What is the hundreds digit of (96/l)/((-2)/(-424))?
4
Suppose 7*w = 8*w + 5, -w + 11 = 4*i. Suppose 4*f + 5*x - 2025 = 0, -4*x + 1008 = i*f - 2*f. What is the hundreds digit of f?
5
Suppose -209*g = 312*g - 3521439. What is the units digit of g?
9
Suppose 0 = n - l - 8616, 2*l = -n + 2*n - 8616. What is the tens digit of n?
1
Let m(p) = -83*p + 6. Let o be m(-2). Suppose -o*q + 169*q + 633 = 0. What is the units digit of q?
1
What is the thousands digit of -908*17/204*-453?
4
Let z(m) = -178*m - 1030. What is the hundreds digit of z(-36)?
3
Let d be (-12)/(-66) + 282/22. Let c be (-110)/(-35) - (d/(-7) - -2). Suppose 0 = -2*h + c*j + 290, -j - 6 + 146 = h. What is the units digit of h?
2
Let i = -117 + 120. Suppose 9*g = 8*g + 2. What is the tens digit of ((-108)/(-8) + i)/(1/g)?
3
Let y(p) = 6*p**2 - 14*p + 11. Let r(n) = 14*n + 50. Let u be r(-3). What is the tens digit of y(u)?
8
Suppose -11*h + 22*h - 48125 = 5566. What is the tens digit of h?
8
Suppose -w + 12*w - 4*w = 0. Suppose w = 21*u - 11*u - 15320. What is the tens digit of u?
3
Suppose 0 = 3*v - q - q - 473, -2*q + 332 = 2*v. Suppose -2*c = 4*l - 7*c + 538, 143 = -l - 3*c. Let j = l + v. What is the units digit of j?
4
Suppose 7*l + 5*z - 5 = 10*l, -2*l = -z + 1. Suppose l = 10*m + 873 - 3563. What is the units digit of m?
9
Let v(s) = 857*s**2 + 738*s + 4440. What is the units digit of v(-6)?
4
Let k be ((-6)/(-7))/(2/7). Suppose 0 = -3*m - 82 + 91. Suppose m*c = k*w - 36, 5*w - 2*c = -6*c + 96. What is the units digit of w?
6
Suppose -4*v = -2*i - 27980, 3*v - 20964 = -122*i + 127*i. What is the hundreds digit of v?
9
Suppose 11*x - 203 - 83 = 0. Let j(y) = 19*y - 91. What is the units digit of j(x)?
3
Let q(c) = -c**2 - 35*c + 36. Let g be q(-36). Suppose g = 5*i - 3*s - 2867, -5*i + 4*s - 1027 + 3893 = 0. What is the tens digit of i?
7
Suppose 0 = 2*m - 3*u - 85886, -61 + 69 = 2*u. What is the tens digit of m?
4
Let u = -30853 + 45400. What is the thousands digit of u?
4
Let r = -78 + 82. Suppose 12 = -r*n + 20. Suppose -n*o = 2*o + 5*g - 425, -209 = -2*o + g. What is the tens digit of o?
0
Let t = -13752 + 23013. What is the units digit of t?
1
Let n be ((-1420)/25)/((-3)/15). Suppose 0 = 3*o - n - 889. What is the tens digit of o?
9
Let x(j) = 2*j**2 + 35*j + 58. Let a be x(-2). Suppose 6*v - v + 10 = 0. What is the units digit of a/v + 23 + 9?
4
Suppose 0*u + 2*u = -3*u. Suppose i = -4*n - 90, u*n + 402 = -5*i - 4*n. Let x = 103 + i. What is the tens digit of x?
2
Suppose 6 = c - 3*a, -2*c + 5 = 6*a - 5*a. What is the units digit of c + 5 - (-17 + -1149)?
4
Let g = 43659 - 13701. What is the ten thousands digit of g?
2
Let l(k) = -k**3 - 12*k**2 + 29*k - 68. Let p be l(-15). Suppose -p = 2*z - 578. What is the hundreds digit of z?
2
Let o(l) = -6*l**2 - 10*l + 202. Let j be o(5). Suppose 5*t + 5 = 25. Suppose h - 386 = -t*i, 3*i + 3*h = j*h + 290. What is the units digit of i?
6
Suppose -13*k + 99302 = -58687. What is the units digit of k?
3
Suppose 3*p - 3181 = 3*n - 4*n, -4*p + 4253 = -n. Suppose 0 = 14*o - 5*o - p. What is the tens digit of o?
1
Suppose -5*j + 1941 = -8*j - 2*p, p - 642 = j. Let a = j + 1459. What is the tens digit of a?
1
Let h(o) = o**2 + 5*o + 550. Let j be h(0). Suppose 0 = 5*y - 3*s - 704, -4*y - 2*s + 0*s = -j. Let n = y + -80. What is the units digit of n?
9
What is the tens digit of (126 + 2712)*(-10)/(-4)?
9
Let x = -1039 - -2763. Let u = -1050 + x. What is the units digit of u?
4
Suppose 4*x + 20962 = 5*k, -2*k + 8*k + 5*x - 25125 = 0. What is the thousands digit of k?
4
Let u(j) = 19*j + 51. Let w be 183/15 - 12/60. What is the units digit of u(w)?
9
Let j(k) = -129*k + 7203. What is the units digit of j(0)?
3
Suppose -4*w + 7030 = 3*h, -3*w + 16 = 4. Suppose -h = -9*j + 4484. What is the tens digit of j?
5
Suppose 0*g - 4470 = -5*l - 5*g, 0 = 3*g + 6. Suppose -106*y + l = -98*y. What is the hundreds digit of y?
1
Suppose -2*o + 224 = -486. Suppose 9*s + o = 940. What is the units digit of s?
5
Let f = 9786 + -4719. What is the hundreds digit of f?
0
Suppose 0 = -0*q + 6*q - 18. Suppose 389 = d - 3*y, 4*d - 1392 = -q*y + 164. What is the units digit of d?
9
Suppose -19*w = 4*w - 291341. What is the units digit of w?
7
Suppose 0 = -2*y + 1996 + 6104. What is the thousands digit of y?
4
What is the units digit of (7161 - -3)*(-32)/(-144)?
2
Let j(r) = -r**3 - 7*r**2 + 7*r - 6. Suppose -13 = -6*l - 1. Let m be l/13 + ((-400)/65 - 3). What is the units digit of j(m)?
3
What is the units digit of (-1)/3 - (-8689956)/396?
4
Suppose -5 + 13 = u. Suppose 7*w + 2*h = u*w - 377, 0 = -5*w - h + 1885. What is the tens digit of w?
7
What is the units digit of 29905*(-93)/(-45) + (0 - (-3)/9)?
4
Let i(m) = 27312*m - 1353. What is the units digit of i(1)?
9
Suppose 32*v - 3658 = 221142. What is the thousands digit of v?
7
Let l be (-3)/(-9) + 3 + (-46)/(-6). Suppose -l*n - 82 = -9*n. Let d = 54 + n. What is the units digit of d?
3
Let f(a) = -56*a - 25. Let d be f(2). Let n = d - -276. What is the tens digit of n?
3
Let h = -170 + 396. Suppose -8*l - r + 521 = -3*l, -2*l + h = -4*r. What is the units digit of l?
5
Let z = -326 + 330. Suppose 4671 = 5*t + 2*x, -1045 = -3*t - z*x + 1752. What is the tens digit of t?
3
Let w = 58 - 50. Suppose -2*l = -6*l - w. What is the units digit of 0 + 41 + (-5 - l)*1?
8
Suppose -10*u = -u + 3411. Let o = u - -687. What is the hundreds digit of o?
3
Let g be 12*3/6 + -3. Let j(v) = 23*v**2 + 4*v - 7. What is the hundreds digit of j(g)?
2
Let r(m) = -2*m - 10. Let x be r(-8). Let g(b) = b**3 - 7*b**2 - 17*b + 60. Let d be g(3). What is the units digit of 2*(-2 + x)/4 - d?
9
Let n(h) = -h + 35. Let f be 4301/(-207) + (2/(-9))/1. Let y be n(f). What is the units digit of 2765/y - 3/8?
9
Suppose -21*y + 18675 = 77916. Let z = y + 4323. What is the units digit of z?
2
Suppose 369*k + 6 = 371*k. What is the thousands digit of k + 1766 + (-48)/6?
1
Let p(u) = -2*u**3 - 21*u**2 + 47*u - 148. What is the ten thousands digit of p(-26)?
1
Suppose 4*o - 4*y - 27 - 233 = 0, 266 = 4*o + 2*y. Let z = -62 + o. What is the units digit of (1 - 11)*(-34)/z?
5
What is the units digit of ((56/80 - 1)*-45)/(3/2106)?
7
Let b = -7455 + 12977. What is the hundreds digit of b?
5
Let a be (-381)/2*(-8)/6. Suppose 6*p - 7*p = -a. What is the units digit of p/6 + 23/(-69)?
2
Let k(l) be the first derivative of l**4/2 + 10*l**3/3 + 5*l**2/2 + 6*l + 76. What is the units digit of k(5)?
1
Let w(g) be the third derivative of g**6/120 - g**5/12 - g**3 + 2*g**2. Let d be 0 + -3 + 5 - 100/(-25). What is the tens digit of w(d)?
3
Let d be 35/14 + 1294/(-4). Let w = 651 + d. What is the tens digit of w?
3
Suppose 0 = 14*o + 8*o - 396. What is the tens digit of (-4)/36 + 470/o?
2
Let o = 722 + -576. Let f = o + -121. What is the units digit of f?
5
Let x = 120839 + -66516. What is the thousands digit of x?
4
Suppose -13346 = -3*w + 2*x + 130570, -4*w = -x - 191898. What is the tens digit of w?
7
Let l be -4 + 143/2 + 2/(-4). Let c(o) = -15 - 21*o - 21*o + l*o. What is the units digit of c(5)?
0
Let p(z) = 618*z - 877. What is the units digit of p(20)?
3
Let z(o) = 3*o + 1. Suppose 2*v = -18 - 32. Let s = v + 35. What is the units digit of z(s)?
1
Suppose 49*j = j + 1824. What is the units digit of (-31872)/(-26) - j/(-247)?
6
Suppose -19*i + 21*i = 16. What is the hundreds digit of 2330/i + 60/(-48)?
2
Let i(u) = -u**3 + 2*u**2 + u + 1. Let c(o) = -2*o**3 - o**2 + 8*o + 4. Let v(z) = c(z) + i(z). What is the hundreds digit of v(-6)?
6
Suppose 3*g + 3*f = 0, -2*f + 3*f - 8 = -5*g. Let i = -2598 - -2601. Suppose i*b + 5*l = 8, -3*b + g*b = 5*l - 6. What is the units digit of b?
1
Suppose 0 = -17*i + 191560 - 58705. What is the units digit of i?
5
Let l(q) = q**2 - 6*q - 5. Let x be l(7). Suppose -2*j + 8*p - 62 = 3*p, 0 = -x*j - p - 50. Let f = j - -44. What is the tens digit of f?
1
What is the tens digit of 2 - (-14 - -13) - 2026/(-4)*34?
2
Suppose -417*a - 1470831 